Let h = 1 + -1. Suppose c = -h*u - 2*u + 126, 0 = 2*u - 4*c - 126. Suppose -339*k + 49 = -332*k. What is the greatest common divisor of k and u?
7
Suppose 0 = -a - 11*g + 15*g - 8, 3*a - 2*g = 16. Calculate the highest common factor of a and 14.
2
Suppose i = 2*i + 4, -3*i = -3*s + 21. Suppose -3*u + 16 = 5*a - u, -s*u - 1 = -5*a. Calculate the greatest common divisor of a and 14.
2
Let i(f) = 4*f**3 - 2*f**2 - 4*f - 5. Let v be i(-2). Let h = -29 - v. Let r be -64*((-3)/2 - -1). What is the greatest common factor of r and h?
8
Let r = -14 + 22. Let d(f) = f**3 - 7*f**2 - 6*f - 7. Let u be d(r). Let m(h) = -h + 6. Let w be m(3). What is the greatest common divisor of u and w?
3
Let p be -7 - (6 + -185) - 7. What is the highest common divisor of p and 66?
33
Suppose 1248 = 30*w + 108. What is the greatest common divisor of w and 1026?
38
Suppose 0 = -0*b + 2*b - 28. Suppose -3*g = 7 - 175. Calculate the greatest common factor of b and g.
14
Let u = 978 - 859. Let q be (-2)/3 + 265/15. Calculate the highest common factor of u and q.
17
Let q be 3/9 - 290/(-30). Suppose -2*l + 8 = f + f, 0 = 2*f - 10. Let r be 71 - ((-1)/l + 0). Calculate the highest common divisor of q and r.
10
Suppose 0*z + z - 3*v + 351 = 0, -3*z - 3*v = 993. Let c be z/(-32) - 2/(-4). Calculate the greatest common divisor of c and 88.
11
Let o(p) = -22*p + 6. Let y be o(-7). Let t = y - 288. Let v be t/(-24) - (-1)/(-3). What is the greatest common divisor of 2 and v?
1
Let s = 867 - 573. Calculate the highest common factor of 6 and s.
6
Let n be (2 + 15/(-9))*54. Let k = 17 - n. Let m be (k/(4/36))/(-1). Calculate the highest common factor of m and 36.
9
Let d(b) be the third derivative of b**4/4 - 4*b**3/3 + 12*b**2. Let t be d(4). Calculate the highest common divisor of 64 and t.
16
Suppose -23 = 3*l + 43. Let n = l + 39. What is the highest common factor of 17 and n?
17
Let l = 7 - 2. Suppose -32 = -l*a + 7*a. Let v = -8 - a. Calculate the greatest common factor of 72 and v.
8
Let q be (2/4)/(6 - (-52)/(-8)). Let w be -2 + -2 + 4 + (-8)/q. Calculate the highest common factor of 104 and w.
8
Suppose 0 = l - 3*r + 45, 4*l + 3*r + 117 = -18. Let c = -18 - l. What is the greatest common divisor of c and 36?
18
Let o(c) = 20*c**3 - c. Let k be 0 + 0 + 4 + -3. Let n be o(k). Suppose 2*q = 10, -2*p - 2*q = -3 - n. What is the greatest common factor of 48 and p?
6
Let p = 145 + -26. Let x be -3 + 0 + (p - -3). Calculate the highest common divisor of 7 and x.
7
Let p be (-309)/(-15) - 3/5. Suppose 4*n - p = -n. Suppose 0 = 3*j + 12, 4*y = -3*j - j - n. What is the greatest common factor of 33 and y?
3
Let x(s) = -4*s + 22. Let l be x(3). Calculate the greatest common factor of l and 10.
10
Suppose 2*i = -5*h + 167, -h = 4*i - 127 - 252. Calculate the highest common divisor of 64 and i.
32
Let p(t) = -t**3 + t**2 + 3*t. Suppose l = -0*l - 2. Let x be p(l). What is the highest common divisor of 12 and x?
6
Suppose n + 3000 = 21*n. Calculate the greatest common divisor of 60 and n.
30
Let y = -62 + 101. Suppose 2*x + 5*u - y = 0, -2*x + u - 20 = -53. Suppose -x*f + 24 = -14*f. Calculate the highest common divisor of f and 88.
8
Suppose -2*o + 134 = -5*a + 1220, 2*a = -3*o + 423. What is the greatest common factor of a and 24?
24
Suppose -7*w = -5*z - 5*w + 72, -4*z + 84 = 5*w. What is the greatest common divisor of z and 80?
16
Let p(x) = x**2 + 42*x - 179. Let q be p(-47). Calculate the greatest common factor of q and 1204.
28
Suppose -5*h = 68 - 88. Let b(s) = s**2 + 7*s + 3. Let p be b(-8). Suppose h*y - 15 = -p. Calculate the greatest common divisor of y and 10.
1
Let m = -7106 + 7165. Let f(p) = -p**3 - 4*p**2 + 3*p + 5. Let z be f(-6). What is the highest common factor of m and z?
59
Suppose -1208 = -4*x - 2*h, -9*x - 2*h = -8*x - 296. Calculate the highest common divisor of x and 2888.
152
Suppose -6*c + 4*c + 42 = 0. Let u be (-2)/(-8) - (-3692)/16. Calculate the greatest common factor of u and c.
21
Suppose 43 = 3*s + 7. Let x(b) = -b - 4. Let z be x(-4). Let q be (z + 3/6)*216. What is the highest common factor of q and s?
12
Let g be -3 - 2*(-114)/4. Suppose 7*w - 5*w = 0, w + 36 = j. Calculate the greatest common factor of j and g.
18
Let u(h) = -h**3 - h**2 - h + 2. Let g be u(0). Suppose -g*t + 32 = 6*t. Calculate the greatest common factor of t and 6.
2
Suppose 3*m + 385 = -41. Suppose 3*s = -3, -2*s + 5*s - 25 = -4*r. Let i be m/(-6) - r/(-21). Calculate the highest common factor of i and 24.
24
Let f be (26/26)/(2/(-12)). Let x(b) = -b**3 - 5*b**2 + 6*b + 15. Let a be x(f). Calculate the highest common divisor of a and 15.
15
Let q = -32 + 49. What is the highest common factor of q and 34?
17
Suppose -4*g = 4*o - 11 + 3, -2*o = 4*g - 8. Let n be -2 - (g + -19) - -4. What is the highest common divisor of n and 152?
19
Let x be ((-10)/(-4))/(8/(97 - 1)). Calculate the greatest common divisor of 435 and x.
15
Suppose -3*j = -4*f - 252, j - 87 = 5*f - 14. What is the highest common divisor of 24 and j?
8
Let a(x) = -2*x - 9. Let q(f) = -f**2 + 10*f - 5. Let o be q(8). Let j = 5 - o. Let l be a(j). Calculate the highest common factor of l and 15.
3
Let i be 30 + 182/(-42) + (-10)/6. What is the highest common divisor of i and 968?
8
Let k be 1/((-170)/(-169) - (2 - 1)). What is the highest common factor of k and 26?
13
Let n(i) = 20*i - 3. Let d be 3*(-4 - (-148)/12). Suppose 0*o = -4*x - 3*o + d, 3*x + 3*o = 21. Let v be n(x). Calculate the highest common divisor of v and 11.
11
Let d be (1/(-3))/((-4)/48). Suppose -f = -d*w - 25, 4*f = 2*w + 7 + 23. Let i = w - -22. What is the greatest common divisor of 187 and i?
17
Let d = 2256 - 2196. What is the highest common factor of d and 102?
6
Suppose g - 285 + 278 = 0. Suppose g*d + 0*d = 210. Calculate the highest common factor of 210 and d.
30
Let q(y) = -2*y - 7. Let j be q(-5). Let x be (27/36)/((-2)/(-56)). Calculate the greatest common factor of x and j.
3
Suppose j - 19*j = -4*j. Suppose m - 23 = -j*m. Calculate the greatest common divisor of 92 and m.
23
Suppose 3 + 13 = 2*p. Let w = -94 - -89. Let x(r) = r**3 + 6*r**2 - 2*r - 3. Let u be x(w). What is the greatest common divisor of u and p?
8
Let w(c) = -541*c - 7000. Let d be w(-13). Let o = -4 - -3. Let s be (-33)/9*6*o. Calculate the highest common factor of d and s.
11
Let d = -326 + 462. Calculate the greatest common factor of d and 34.
34
Suppose -5*c + 4*a = 8*a - 16, 2*a = 8. Suppose 5*h + 173 = -v, 0 = -v - c*h + 2*h - 152. Let w = 301 + v. Calculate the highest common factor of 13 and w.
13
Let h(g) = g**2 - 12*g + 10. Let f be h(10). Let t be (24/f)/(6/30). Let p be (-4)/(-16) + (-585)/t. Calculate the highest common factor of p and 7.
7
Let i be 71 - 1 - (-15 - -8). Calculate the highest common factor of 363 and i.
11
Suppose 2*k + 3*k - 5*d + 20 = 0, -d = -4. Suppose 10*p - 5*p - 40 = k. Calculate the highest common divisor of 64 and p.
8
Suppose 6*l - 5*a - 430 = 2*l, -544 = -5*l + 3*a. Let i(x) = 2*x**2 - 4*x + 4. Let j be i(3). What is the highest common divisor of l and j?
10
Suppose 0 = -270*m + 282*m - 672. Calculate the highest common divisor of 28 and m.
28
Let a be (-1)/(-10) - (-1316)/40. What is the highest common divisor of a and 1?
1
Let m be (737 - -1)/9 - 7. Calculate the highest common factor of 195 and m.
15
Let u(f) = -2*f**3 - 8*f**2 - 9*f + 7. Let g be 2/(-4) - 27/6. Let w be u(g). Let p = w + -40. Calculate the greatest common divisor of p and 155.
31
Let n(x) = -x**3 - 3*x**2 - 2*x + 44. Let o be n(0). What is the greatest common divisor of o and 132?
44
Let j = 40 + 70. What is the highest common factor of 10 and j?
10
Suppose 0 = -5*o + 18 + 57. Let r(w) = 2*w**2 + 13*w + w + w - 2. Let f be r(-11). Calculate the highest common divisor of f and o.
15
Let c(m) = -m**3 + 10*m**2 - 14*m + 16. Let s = 32 + -24. Let p be c(s). Calculate the highest common factor of 48 and p.
16
Let f(g) = g**2 - 30*g + 13. Let m be f(0). Calculate the highest common divisor of m and 689.
13
Let x be 48/18*((-1)/(-2) + 1). Suppose -2*b - 6 = -x*b. Let f = -6 - -15. Calculate the highest common divisor of b and f.
3
Let n be ((-6)/(-3) + -2)*-1. Suppose -s + 4 - 3 = n. Let d = 3 - 2. Calculate the greatest common divisor of d and s.
1
Let c(l) = -